{"id":33,"date":"2025-03-24T15:31:08","date_gmt":"2025-03-24T13:31:08","guid":{"rendered":"https:\/\/guia-prc-infantil-juvenil.recursos.uoc.edu\/guia-tutories-centres-practiques-curriculars\/?page_id=33"},"modified":"2026-02-11T11:03:00","modified_gmt":"2026-02-11T09:03:00","slug":"3-1-introduccio","status":"publish","type":"page","link":"https:\/\/guia-prc-infantil-juvenil.recursos.uoc.edu\/guia-tutories-centres-practiques-curriculars\/3-1-introduccio\/","title":{"rendered":"3.1. Introducci\u00f3"},"content":{"rendered":"<p>Com sabeu de primera m\u00e0, l\u2019assignatura del Pr\u00e0cticum requereix una col\u00b7laboraci\u00f3 que dista d\u2019altres assignatures del m\u00e0ster. Per aquesta ra\u00f3, <strong>en el Pr\u00e0cticum intervenim diferents agents <\/strong>que la fem possible. M\u00e9s concretament, per part de la UOC hi intervenen la Comissi\u00f3 del Pr\u00e0cticum i l\u2019equip docent, i per part del centre de pr\u00e0ctiques, la tutoria del centre.<\/p>\n<p>A continuaci\u00f3, es detallen les funcions d\u2019aquests agents.<\/p>\n<p><strong>Comissi\u00f3 del Pr\u00e0cticum<\/strong>: la Comissi\u00f3 est\u00e0 formada per professorat propi dels Estudis de Psicologia, aix\u00ed com per personal de gesti\u00f3, tant dels mateixos Estudis com del Servei de Pr\u00e0ctiques i Mobilitat.<\/p>\n<p>La Comissi\u00f3 del Pr\u00e0cticum \u00e9s <strong>responsable de gestionar el procediment de pr\u00e0ctiques i,<\/strong> al seu torn, <strong>vetllar pel bon funcionament<\/strong> en les relacions entre l\u2019estudiantat, l\u2019equip docent i el centre extern.<\/p>\n<p><strong>Equip docent de la UOC: <\/strong>cal diferenciar dues figures dins d\u2019aquest equip docent,. D\u2019una banda, el <strong>professorat responsable de l\u2019assignatura<\/strong>, que coordina l\u2019assignatura del Pr\u00e0cticum i, d\u2019altra, el <strong>personal docent col\u00b7laborador<\/strong>, la figura docent que, <strong>des de l\u2019aula, acompanya l\u2019estudiantat en el proc\u00e9s d\u2019aprenentatge<\/strong>. A l\u2019inici de semestre, l\u2019equip docent contactar\u00e0 amb vosaltres, com a tutoria del centre de pr\u00e0ctiques, per facilitar-vos tota la informaci\u00f3 necess\u00e0ria i per poder establir una via de comunicaci\u00f3 directa.<\/p>\n<p><strong>Tutoria del centre de pr\u00e0ctiques:<\/strong> la tutoria del centre de pr\u00e0ctiques ha d\u2019estar en actiu dins l\u2019exercici professional, i t\u00e9 la funci\u00f3 d\u2019acompanyar l\u2019estudiantat en l\u2019estada de pr\u00e0ctiques. M\u00e9s concretament, les funcions que porta a terme aquesta figura s\u00f3n:<\/p>\n<ul>\n<li>Fer l\u2019acollida al centre i informar l\u2019estudiantat del funcionament d\u2019aquest centre.<\/li>\n<li>Establir les tasques que ha de fer l\u2019estudiantat al centre (amb la validaci\u00f3 posterior per part de l\u2019equip docent de la UOC).<\/li>\n<li>Supervisar l\u2019assist\u00e8ncia, actitud, participaci\u00f3 i rendiment de l\u2019estudiantat.<\/li>\n<li>Atendre les consultes, tant te\u00f2riques com pr\u00e0ctiques, que puguin sorgir durant l\u2019estada de l\u2019estudiantat al centre.<\/li>\n<li>Avaluar l\u2019estudiantat.<\/li>\n<\/ul>\n","protected":false},"excerpt":{"rendered":"<p>Com sabeu de primera m\u00e0, l\u2019assignatura del Pr\u00e0cticum requereix una col\u00b7laboraci\u00f3 que dista d\u2019altres assignatures del m\u00e0ster. Per aquesta ra\u00f3, en el Pr\u00e0cticum intervenim diferents agents que la fem possible. M\u00e9s concretament, per part de la UOC hi intervenen la Comissi\u00f3 del Pr\u00e0cticum i l\u2019equip docent, i per part del centre de pr\u00e0ctiques, la tutoria [&hellip;]<\/p>\n","protected":false},"author":1,"featured_media":0,"parent":0,"menu_order":0,"comment_status":"closed","ping_status":"closed","template":"","meta":{"_acf_changed":false,"footnotes":""},"acf":[],"_links":{"self":[{"href":"https:\/\/guia-prc-infantil-juvenil.recursos.uoc.edu\/guia-tutories-centres-practiques-curriculars\/wp-json\/wp\/v2\/pages\/33"}],"collection":[{"href":"https:\/\/guia-prc-infantil-juvenil.recursos.uoc.edu\/guia-tutories-centres-practiques-curriculars\/wp-json\/wp\/v2\/pages"}],"about":[{"href":"https:\/\/guia-prc-infantil-juvenil.recursos.uoc.edu\/guia-tutories-centres-practiques-curriculars\/wp-json\/wp\/v2\/types\/page"}],"author":[{"embeddable":true,"href":"https:\/\/guia-prc-infantil-juvenil.recursos.uoc.edu\/guia-tutories-centres-practiques-curriculars\/wp-json\/wp\/v2\/users\/1"}],"replies":[{"embeddable":true,"href":"https:\/\/guia-prc-infantil-juvenil.recursos.uoc.edu\/guia-tutories-centres-practiques-curriculars\/wp-json\/wp\/v2\/comments?post=33"}],"version-history":[{"count":4,"href":"https:\/\/guia-prc-infantil-juvenil.recursos.uoc.edu\/guia-tutories-centres-practiques-curriculars\/wp-json\/wp\/v2\/pages\/33\/revisions"}],"predecessor-version":[{"id":220,"href":"https:\/\/guia-prc-infantil-juvenil.recursos.uoc.edu\/guia-tutories-centres-practiques-curriculars\/wp-json\/wp\/v2\/pages\/33\/revisions\/220"}],"wp:attachment":[{"href":"https:\/\/guia-prc-infantil-juvenil.recursos.uoc.edu\/guia-tutories-centres-practiques-curriculars\/wp-json\/wp\/v2\/media?parent=33"}],"curies":[{"name":"wp","href":"https:\/\/api.w.org\/{rel}","templated":true}]}}