{"id":53,"date":"2025-03-24T15:00:34","date_gmt":"2025-03-24T13:00:34","guid":{"rendered":"https:\/\/guia-prc-infantil-juvenil.recursos.uoc.edu\/guia-practiques-curriculars-estudiantat\/?page_id=53"},"modified":"2025-03-25T12:29:37","modified_gmt":"2025-03-25T10:29:37","slug":"annexos","status":"publish","type":"page","link":"https:\/\/guia-prc-infantil-juvenil.recursos.uoc.edu\/guia-practiques-curriculars-estudiantat\/annexos\/","title":{"rendered":"Annexos"},"content":{"rendered":"<p>Les assignatures <strong>requisit per cursar el Pr\u00e0cticum<\/strong>, ordenades d\u2019acord amb el pla d\u2019estudis, s\u00f3n:<\/p>\n<ul>\n<li>Reptes i necessitats per al professional de la salut mental<\/li>\n<li>T\u00e8cniques i estrat\u00e8gies d\u2019intervenci\u00f3 orientaci\u00f3 cognitivoconductual<\/li>\n<li>T\u00e8cniques i estrat\u00e8gies d\u2019intervenci\u00f3 orientaci\u00f3 humanista<\/li>\n<li>T\u00e8cniques i estrat\u00e8gies d\u2019intervenci\u00f3 orientaci\u00f3 sist\u00e8mica<\/li>\n<li>T\u00e8cniques i estrat\u00e8gies d\u2019intervenci\u00f3 orientaci\u00f3 psicodin\u00e0mica<\/li>\n<li>Tenir matriculada, en el mateix semestre que l\u2019assignatura de pr\u00e0ctiques, l\u2019assignatura obligat\u00f2ria d\u2019Integraci\u00f3 de models i t\u00e8cniques d\u2019intervenci\u00f3<\/li>\n<\/ul>\n","protected":false},"excerpt":{"rendered":"<p>Les assignatures requisit per cursar el Pr\u00e0cticum, ordenades d\u2019acord amb el pla d\u2019estudis, s\u00f3n: Reptes i necessitats per al professional de la salut mental T\u00e8cniques i estrat\u00e8gies d\u2019intervenci\u00f3 orientaci\u00f3 cognitivoconductual T\u00e8cniques i estrat\u00e8gies d\u2019intervenci\u00f3 orientaci\u00f3 humanista T\u00e8cniques i estrat\u00e8gies d\u2019intervenci\u00f3 orientaci\u00f3 sist\u00e8mica T\u00e8cniques i estrat\u00e8gies d\u2019intervenci\u00f3 orientaci\u00f3 psicodin\u00e0mica Tenir matriculada, en el mateix semestre que [&hellip;]<\/p>\n","protected":false},"author":1,"featured_media":0,"parent":0,"menu_order":0,"comment_status":"closed","ping_status":"closed","template":"","meta":{"_acf_changed":false,"footnotes":""},"acf":[],"_links":{"self":[{"href":"https:\/\/guia-prc-infantil-juvenil.recursos.uoc.edu\/guia-practiques-curriculars-estudiantat\/wp-json\/wp\/v2\/pages\/53"}],"collection":[{"href":"https:\/\/guia-prc-infantil-juvenil.recursos.uoc.edu\/guia-practiques-curriculars-estudiantat\/wp-json\/wp\/v2\/pages"}],"about":[{"href":"https:\/\/guia-prc-infantil-juvenil.recursos.uoc.edu\/guia-practiques-curriculars-estudiantat\/wp-json\/wp\/v2\/types\/page"}],"author":[{"embeddable":true,"href":"https:\/\/guia-prc-infantil-juvenil.recursos.uoc.edu\/guia-practiques-curriculars-estudiantat\/wp-json\/wp\/v2\/users\/1"}],"replies":[{"embeddable":true,"href":"https:\/\/guia-prc-infantil-juvenil.recursos.uoc.edu\/guia-practiques-curriculars-estudiantat\/wp-json\/wp\/v2\/comments?post=53"}],"version-history":[{"count":3,"href":"https:\/\/guia-prc-infantil-juvenil.recursos.uoc.edu\/guia-practiques-curriculars-estudiantat\/wp-json\/wp\/v2\/pages\/53\/revisions"}],"predecessor-version":[{"id":100,"href":"https:\/\/guia-prc-infantil-juvenil.recursos.uoc.edu\/guia-practiques-curriculars-estudiantat\/wp-json\/wp\/v2\/pages\/53\/revisions\/100"}],"wp:attachment":[{"href":"https:\/\/guia-prc-infantil-juvenil.recursos.uoc.edu\/guia-practiques-curriculars-estudiantat\/wp-json\/wp\/v2\/media?parent=53"}],"curies":[{"name":"wp","href":"https:\/\/api.w.org\/{rel}","templated":true}]}}