{"id":51,"date":"2025-03-24T15:00:09","date_gmt":"2025-03-24T13:00:09","guid":{"rendered":"https:\/\/guia-prc-infantil-juvenil.recursos.uoc.edu\/guia-practiques-curriculars-estudiantat\/?page_id=51"},"modified":"2026-01-23T13:30:16","modified_gmt":"2026-01-23T11:30:16","slug":"6-proces-i-procediment","status":"publish","type":"page","link":"https:\/\/guia-prc-infantil-juvenil.recursos.uoc.edu\/guia-practiques-curriculars-estudiantat\/6-proces-i-procediment\/","title":{"rendered":"6. Proc\u00e9s i procediment"},"content":{"rendered":"<p>Com heu pogut veure al llarg d\u2019aquesta guia, l\u2019assignatura del Pr\u00e0cticum t\u00e9 unes casu\u00edstiques que difereixen de la resta d\u2019assignatures del m\u00e0ster i, per aquesta mateixa ra\u00f3, s\u00f3n necessaris un proc\u00e9s i procediment concrets per poder-vos assignar a un centre de pr\u00e0ctiques.<\/p>\n<div class=\"featured featured-blue\"><p>Per tant, \u00e9s imprescindible que reviseu amb deteniment tota la informaci\u00f3 d\u2019aquest proc\u00e9s, que teniu disponible a: \u00abCampus \/ Tr\u00e0mits \/ Pr\u00e0ctiques a empreses \/ Pr\u00e0ctiques curriculars \/ M\u00e0ster universitari en Psicologia Infantil i Juvenil\u00bb.<\/p>\n<\/div>\n<p>En aquest apartat del Campus queden detallats tant els passos que cal fer com les dates concretes per fer-los. Addicionalment, si teniu qualsevol dubte, recordeu que tamb\u00e9 podeu contactar amb la vostra tutoria del m\u00e0ster.<\/p>\n<p>No obstant aix\u00f2, <strong>en aquesta guia us facilitem alguns consells pr\u00e0ctics per tenir presents a l\u2019hora de llegir el proc\u00e9s descrit al Campus i de fer les gestions corresponents:<\/strong><\/p>\n<ul>\n<li>Existeixen dos tipus de centres externs: aquells amb els quals la UOC ja col\u00b7labora (centres d\u2019agrupament) i aquells que podeu proposar vosaltres (centres directes), que han de complir les caracter\u00edstiques especificades en aquesta guia. En qualsevol cas, la UOC tamb\u00e9 revisa que aquestes caracter\u00edstiques es compleixen.<\/li>\n<li>\u00c9s imprescindible inscriure\u2019s en la convocat\u00f2ria de pr\u00e0ctiques de l\u2019eina Xperience i sol\u00b7licitar les places que siguin del vostre inter\u00e8s. En fer-ho, fixeu-vos b\u00e9 en el tipus de centre, la localitzaci\u00f3 i l\u2019horari. Tamb\u00e9 \u00e9s summament important que reviseu amb atenci\u00f3 les tasques del centre, de manera que s\u2019ajustin al que busqueu.<\/li>\n<li>Podeu fer la sol\u00b7licitud si esteu cursant les assignatures requisit que us manquen (i, doncs, us hi heu matriculat). En qualsevol cas, si posteriorment no supereu aquestes assignatures requisit, no podreu cursar el Pr\u00e0cticum.<\/li>\n<li>Si voleu proposar un centre en mode directe, a l\u2019apartat de \u00abCampus\u00bb on queda explicat el procediment per sol\u00b7licitar les pr\u00e0ctiques podeu trobar una carta de presentaci\u00f3 per compartir amb els centres que siguin del vostre inter\u00e8s.<\/li>\n<li>L\u2019estudiantat tamb\u00e9 pot fer les pr\u00e0ctiques al mateix lloc on treballa, sempre que es tracti d\u2019un entorn relacionat amb l\u2019\u00e0mbit de la salut mental infantil i juvenil i disposi d&#8217;una tutoria del centre que compleixi els requisits de titulaci\u00f3 definits (vegeu l\u2019apartat 4 d\u2019aquest mateix document) i que pugui supervisar les pr\u00e0ctiques. Tanmateix, en aquest cas, les pr\u00e0ctiques han de comportar un aprenentatge significatiu diferent de les tasques que habitualment fa en el seu lloc de treball, l&#8217;estudiantat no ha de tenir cap vincle de parentiu amb la tutoria del centre i les pr\u00e0ctiques s\u2019han de realitzar fora de l\u2019horari laboral.<\/li>\n<li>Les pr\u00e0ctiques al centre extern no es poden comen\u00e7ar fins que totes les parts han signat el conveni i tampoc si no ha comen\u00e7at el semestre lectiu. La informaci\u00f3 sobre el conveni la trobareu detallada al Campus, i tamb\u00e9 a les notificacions que rebreu quan se us assigni a un centre.<\/li>\n<li>L\u2019assist\u00e8ncia tutoritzada de cent cinquanta hores de pr\u00e0ctiques als centres externs forma part de l\u2019assignatura. Per tant, est\u00e0 inclosa en la matr\u00edcula del Pr\u00e0cticum. Aix\u00ed doncs, la Comissi\u00f3 del Pr\u00e0cticum no dona suport ni recomana que feu cap pagament addicional als centres de pr\u00e0ctiques.<\/li>\n<li>D\u2019acord amb la Llei estatal 26\/2015, de modificaci\u00f3 del sistema de protecci\u00f3 a la inf\u00e0ncia i l\u2019adolesc\u00e8ncia, els centres poden demanar a l\u2019estudiantat en pr\u00e0ctiques un certificat negatiu de condemna per delictes contra la llibertat i indemnitat sexual. A l\u2019apartat de Campus on queda explicat el procediment per sol\u00b7licitar les pr\u00e0ctiques, podeu trobar informaci\u00f3 sobre com podeu demanar aquest certificat.<\/li>\n<\/ul>\n","protected":false},"excerpt":{"rendered":"<p>Com heu pogut veure al llarg d\u2019aquesta guia, l\u2019assignatura del Pr\u00e0cticum t\u00e9 unes casu\u00edstiques que difereixen de la resta d\u2019assignatures del m\u00e0ster i, per aquesta mateixa ra\u00f3, s\u00f3n necessaris un proc\u00e9s i procediment concrets per poder-vos assignar a un centre de pr\u00e0ctiques. En aquest apartat del Campus queden detallats tant els passos que cal fer [&hellip;]<\/p>\n","protected":false},"author":1,"featured_media":0,"parent":0,"menu_order":0,"comment_status":"closed","ping_status":"closed","template":"","meta":{"_acf_changed":false,"footnotes":""},"acf":[],"_links":{"self":[{"href":"https:\/\/guia-prc-infantil-juvenil.recursos.uoc.edu\/guia-practiques-curriculars-estudiantat\/wp-json\/wp\/v2\/pages\/51"}],"collection":[{"href":"https:\/\/guia-prc-infantil-juvenil.recursos.uoc.edu\/guia-practiques-curriculars-estudiantat\/wp-json\/wp\/v2\/pages"}],"about":[{"href":"https:\/\/guia-prc-infantil-juvenil.recursos.uoc.edu\/guia-practiques-curriculars-estudiantat\/wp-json\/wp\/v2\/types\/page"}],"author":[{"embeddable":true,"href":"https:\/\/guia-prc-infantil-juvenil.recursos.uoc.edu\/guia-practiques-curriculars-estudiantat\/wp-json\/wp\/v2\/users\/1"}],"replies":[{"embeddable":true,"href":"https:\/\/guia-prc-infantil-juvenil.recursos.uoc.edu\/guia-practiques-curriculars-estudiantat\/wp-json\/wp\/v2\/comments?post=51"}],"version-history":[{"count":5,"href":"https:\/\/guia-prc-infantil-juvenil.recursos.uoc.edu\/guia-practiques-curriculars-estudiantat\/wp-json\/wp\/v2\/pages\/51\/revisions"}],"predecessor-version":[{"id":265,"href":"https:\/\/guia-prc-infantil-juvenil.recursos.uoc.edu\/guia-practiques-curriculars-estudiantat\/wp-json\/wp\/v2\/pages\/51\/revisions\/265"}],"wp:attachment":[{"href":"https:\/\/guia-prc-infantil-juvenil.recursos.uoc.edu\/guia-practiques-curriculars-estudiantat\/wp-json\/wp\/v2\/media?parent=51"}],"curies":[{"name":"wp","href":"https:\/\/api.w.org\/{rel}","templated":true}]}}