{"id":27,"date":"2025-03-24T16:53:44","date_gmt":"2025-03-24T14:53:44","guid":{"rendered":"https:\/\/guia-prc-infantil-juvenil.recursos.uoc.edu\/bones-practiques\/?page_id=27"},"modified":"2025-04-07T10:10:54","modified_gmt":"2025-04-07T08:10:54","slug":"3-la-confidencialitat","status":"publish","type":"page","link":"https:\/\/guia-prc-infantil-juvenil.recursos.uoc.edu\/bones-practiques\/3-la-confidencialitat\/","title":{"rendered":"3. La confidencialitat"},"content":{"rendered":"<p>Com sabeu, la confidencialitat \u00e9s vital en l\u2019exercici professional de la psicologia. En altres paraules, la informaci\u00f3 personal \u2013de la persona usu\u00e0ria\u2013 a la qual tinguem acc\u00e9s \u00e9s confidencial i, per tant, no se\u2019n pot fer cap mena de difusi\u00f3, sense l\u2019autoritzaci\u00f3 pr\u00e8via (Selva i Pina, 2025).<\/p>\n<p>Aquest concepte l\u2019heu de tenir sempre present al llarg del vostre exercici professional i, com no pot ser d\u2019una altra manera, tamb\u00e9 al llarg de les pr\u00e0ctiques.<\/p>\n<p>Per tant, a l\u2019hora d\u2019elaborar les activitats de l\u2019aula \u2013les mem\u00f2ries de les pr\u00e0ctiques externes o debats\u2013, recordeu sempre preservar la confidencialitat de les persones usu\u00e0ries o participants i, en conseq\u00fc\u00e8ncia, no inclogueu dades sensibles, com poden ser els noms complets, adreces, n\u00fameros de tel\u00e8fon, n\u00fameros identificatius com un DNI, etc.<\/p>\n<p>A m\u00e9s, tamb\u00e9 heu de tenir cura d\u2019on registreu i guardeu la informaci\u00f3 a la qual podeu tenir acc\u00e9s: ha d\u2019estar ben protegida per evitar que tercers hi puguin accedir.<\/p>\n<p>Finalment, us recomanem revisar els recursos seg\u00fcents:<\/p>\n<p>Llei org\u00e0nica 3\/2018, de 5 de desembre, de protecci\u00f3 de dades personals i garantia dels drets digitals: <a href=\"https:\/\/www.boe.es\/buscar\/doc.php?id=BOE-A-2018-16673\" target=\"_blank\" rel=\"noopener\">https:\/\/www.boe.es\/buscar\/doc.php?id=BOE-A-2018-16673<\/a>.<\/p>\n<p>Full informatiu sobre la declaraci\u00f3 de consentiment informat: <a href=\"https:\/\/protected-content.ftp.uoc.edu\/biblioteca\/prestatgeries\/10170_80170\/112231_cat.pdf\" target=\"_blank\" rel=\"noopener\">https:\/\/protected-content.ftp.uoc.edu\/biblioteca\/prestatgeries\/10170_80170\/112231_cat.pdf<\/a>.<\/p>\n","protected":false},"excerpt":{"rendered":"<p>Com sabeu, la confidencialitat \u00e9s vital en l\u2019exercici professional de la psicologia. En altres paraules, la informaci\u00f3 personal \u2013de la persona usu\u00e0ria\u2013 a la qual tinguem acc\u00e9s \u00e9s confidencial i, per tant, no se\u2019n pot fer cap mena de difusi\u00f3, sense l\u2019autoritzaci\u00f3 pr\u00e8via (Selva i Pina, 2025). Aquest concepte l\u2019heu de tenir sempre present al [&hellip;]<\/p>\n","protected":false},"author":1,"featured_media":0,"parent":0,"menu_order":0,"comment_status":"closed","ping_status":"closed","template":"","meta":{"_acf_changed":false,"footnotes":""},"acf":[],"_links":{"self":[{"href":"https:\/\/guia-prc-infantil-juvenil.recursos.uoc.edu\/bones-practiques\/wp-json\/wp\/v2\/pages\/27"}],"collection":[{"href":"https:\/\/guia-prc-infantil-juvenil.recursos.uoc.edu\/bones-practiques\/wp-json\/wp\/v2\/pages"}],"about":[{"href":"https:\/\/guia-prc-infantil-juvenil.recursos.uoc.edu\/bones-practiques\/wp-json\/wp\/v2\/types\/page"}],"author":[{"embeddable":true,"href":"https:\/\/guia-prc-infantil-juvenil.recursos.uoc.edu\/bones-practiques\/wp-json\/wp\/v2\/users\/1"}],"replies":[{"embeddable":true,"href":"https:\/\/guia-prc-infantil-juvenil.recursos.uoc.edu\/bones-practiques\/wp-json\/wp\/v2\/comments?post=27"}],"version-history":[{"count":4,"href":"https:\/\/guia-prc-infantil-juvenil.recursos.uoc.edu\/bones-practiques\/wp-json\/wp\/v2\/pages\/27\/revisions"}],"predecessor-version":[{"id":49,"href":"https:\/\/guia-prc-infantil-juvenil.recursos.uoc.edu\/bones-practiques\/wp-json\/wp\/v2\/pages\/27\/revisions\/49"}],"wp:attachment":[{"href":"https:\/\/guia-prc-infantil-juvenil.recursos.uoc.edu\/bones-practiques\/wp-json\/wp\/v2\/media?parent=27"}],"curies":[{"name":"wp","href":"https:\/\/api.w.org\/{rel}","templated":true}]}}