{"id":25,"date":"2025-03-24T16:53:08","date_gmt":"2025-03-24T14:53:08","guid":{"rendered":"https:\/\/guia-prc-infantil-juvenil.recursos.uoc.edu\/bones-practiques\/?page_id=25"},"modified":"2025-03-25T13:32:50","modified_gmt":"2025-03-25T11:32:50","slug":"2-letica-de-lexercici-professional","status":"publish","type":"page","link":"https:\/\/guia-prc-infantil-juvenil.recursos.uoc.edu\/bones-practiques\/2-letica-de-lexercici-professional\/","title":{"rendered":"2. L\u2019\u00e8tica de l\u2019exercici professional"},"content":{"rendered":"<p>L\u2019\u00e8tica, entesa com els principis de conducta normalment correctes acceptats per una persona o grup (Ardila, 2011), \u00e9s imprescindible a l\u2019hora d\u2019exercir com a professionals de la psicologia, tamb\u00e9 durant les pr\u00e0ctiques.<\/p>\n<p>Per aquesta ra\u00f3, us proposem revisar i dur a terme els exercicis que trobareu en el recurs d\u2019aprenentatge \u00ab<a href=\"https:\/\/materials.campus.uoc.edu\/cdocent\/PID_00292938\/\" target=\"_blank\" rel=\"noopener\">\u00c8tica i deontologia en psicologia<\/a>\u00bb.<\/p>\n","protected":false},"excerpt":{"rendered":"<p>L\u2019\u00e8tica, entesa com els principis de conducta normalment correctes acceptats per una persona o grup (Ardila, 2011), \u00e9s imprescindible a l\u2019hora d\u2019exercir com a professionals de la psicologia, tamb\u00e9 durant les pr\u00e0ctiques. Per aquesta ra\u00f3, us proposem revisar i dur a terme els exercicis que trobareu en el recurs d\u2019aprenentatge \u00ab\u00c8tica i deontologia en psicologia\u00bb.<\/p>\n","protected":false},"author":1,"featured_media":0,"parent":0,"menu_order":0,"comment_status":"closed","ping_status":"closed","template":"","meta":{"_acf_changed":false,"footnotes":""},"acf":[],"_links":{"self":[{"href":"https:\/\/guia-prc-infantil-juvenil.recursos.uoc.edu\/bones-practiques\/wp-json\/wp\/v2\/pages\/25"}],"collection":[{"href":"https:\/\/guia-prc-infantil-juvenil.recursos.uoc.edu\/bones-practiques\/wp-json\/wp\/v2\/pages"}],"about":[{"href":"https:\/\/guia-prc-infantil-juvenil.recursos.uoc.edu\/bones-practiques\/wp-json\/wp\/v2\/types\/page"}],"author":[{"embeddable":true,"href":"https:\/\/guia-prc-infantil-juvenil.recursos.uoc.edu\/bones-practiques\/wp-json\/wp\/v2\/users\/1"}],"replies":[{"embeddable":true,"href":"https:\/\/guia-prc-infantil-juvenil.recursos.uoc.edu\/bones-practiques\/wp-json\/wp\/v2\/comments?post=25"}],"version-history":[{"count":3,"href":"https:\/\/guia-prc-infantil-juvenil.recursos.uoc.edu\/bones-practiques\/wp-json\/wp\/v2\/pages\/25\/revisions"}],"predecessor-version":[{"id":45,"href":"https:\/\/guia-prc-infantil-juvenil.recursos.uoc.edu\/bones-practiques\/wp-json\/wp\/v2\/pages\/25\/revisions\/45"}],"wp:attachment":[{"href":"https:\/\/guia-prc-infantil-juvenil.recursos.uoc.edu\/bones-practiques\/wp-json\/wp\/v2\/media?parent=25"}],"curies":[{"name":"wp","href":"https:\/\/api.w.org\/{rel}","templated":true}]}}